(c) = -c**2 - 11*c - 15. Let q be k(-2). What is the remainder when 96 is divided by (16 - 0) + (-6)/q?
12
Let o(i) = i**3 - 37*i**2 - 43*i + 193. What is the remainder when 204 is divided by o(38)?
0
Suppose 5*v = 8*p - 13*p + 890, 2*v + 5*p = 365. Suppose -2*u = -5*d + u + 159, 5*d + 5*u - v = 0. What is the remainder when 39 is divided by d?
6
What is the remainder when ((-32)/(-80))/((4/11592)/(5/3)) is divided by 62?
10
Calculate the remainder when 456 is divided by (50 - 48)/(3 + (4/90 - 3)).
6
Let m(i) = 234*i + 1854. Calculate the remainder when m(-7) is divided by 102.
12
Calculate the remainder when 1413 is divided by 24/3 - 0/(0 - 1).
5
Suppose -c = 5*g - 50, 0 = -6*c + 2*c - 5*g + 245. Suppose 15*x - 85 = c. Calculate the remainder when x is divided by 3.
1
Let h = 11228 - 10890. Calculate the remainder when h is divided by 89.
71
Let i be (11 - 2)/((-5)/2 + 4). Suppose i*v + 78 = 12*v. Calculate the remainder when 44 is divided by v.
5
Suppose -2*n + 3*t + 56 = 0, -n - 175*t = -177*t - 30. What is the remainder when (5/(-3))/((-1)/39) is divided by n?
21
Let t(s) = 2*s + 1. Let q be t(-2). Calculate the remainder when 5 is divided by (15/90)/(q/(-54)).
2
Let w = -4333 - -4353. What is the remainder when 532 is divided by w?
12
Suppose -4*q = -85 + 21. What is the remainder when q - (0/4)/(12/(-4)) is divided by 328/36 - 4/36?
7
Calculate the remainder when 8/(8*2/5692) is divided by 166.
24
Calculate the remainder when (-4365)/(-970)*(-2810)/(-9) is divided by 29.
13
Let w(q) = 2*q**3 - 5*q**2 + 17*q - 9. Let z be w(7). Suppose 0 = -3*n - 5*y - 182 + 594, -4*n - 5*y + z = 0. What is the remainder when n is divided by 47?
45
Let t = -67145 + 67160. Suppose -5*r - 169 + 1129 = 0. What is the remainder when r is divided by t?
12
Let f(p) = 4*p**3 + 3*p - 6. Let w be (6/(-10) - -1) + 8994/15. Suppose -362 = -3*t + o + o, -5*t + w = -4*o. Calculate the remainder when t is divided by f(2).
28
Suppose -381*j - 96 = -383*j. What is the remainder when 61 is divided by j?
13
Suppose -5*a - 16*z = -12*z - 169, 0 = -a - 3*z + 47. What is the remainder when 126 is divided by a?
10
Let y = 3590 + -3250. Calculate the remainder when y is divided by 15.
10
Let a(v) = 1502*v**2 + 6*v + 4. Let r be a(-1). What is the remainder when (r/48)/(3/12) is divided by 21?
20
Let z = -265 - -259. What is the remainder when 61 is divided by 117/z*(-30)/45?
9
Suppose -851 + 14794 = -344*l + 84119. Calculate the remainder when 1162 is divided by l.
142
Let p = 11693 - 11243. What is the remainder when p is divided by 46?
36
Suppose 2*u + 48 = 66. Suppose 23 = -u*g + 10*g. Suppose -j = 4*j - 30. Calculate the remainder when g is divided by j.
5
Let c(s) = 24*s + 74. Let z(l) = -4 + 3 - 14 + 2*l - 7*l. Let n(h) = 3*c(h) + 14*z(h). What is the remainder when 15 is divided by n(-4)?
3
Calculate the remainder when (3 - 225/(-5))*(0 - -2) is divided by 39.
18
Suppose -40*z + 38*z = -2*b + 30, 5*b + 5*z = 105. Suppose -6*v = -b*v + 216. Calculate the remainder when 174 is divided by v.
12
Let j = -37 + 35. Let m(v) = 2*v - 29. Let u(f) = 3*f - 28. Let x(l) = j*m(l) + 3*u(l). What is the remainder when 38 is divided by x(8)?
10
Let f be (-1329)/(-27) + 2 - 2/9. Let k be f + (1 + -3 - -2). Let l = k - 38. What is the remainder when 77 is divided by l?
12
Let s(t) be the second derivative of t**3 + 16 + 2*t - 19*t**2 - 7 + 2*t**2 - 3*t**2. What is the remainder when s(15) is divided by 9?
5
Calculate the remainder when 449 is divided by ((-710)/(-40))/(-5*3/(-60)).
23
Suppose 0 - 91 = -7*z. Suppose -35 = -5*m - 5*f, 4*f - z + 3 = -2*m. Let d = -9 + 22. Calculate the remainder when d is divided by m.
4
Let j(p) = p**3 - 99*p**2 + 5*p - 364. What is the remainder when 2485 is divided by j(99)?
127
Let w be 2*3/30*5. Let p = w + 43. Let i(m) = 3*m - 8. Calculate the remainder when p is divided by i(6).
4
Calculate the remainder when 135 is divided by ((-6)/(-3) - -15)/(-7*12/(-588)).
16
Let g = -89 + 91. Let k(t) = 8 - 12*t**g - t**3 - 33 - 14*t - 3. Calculate the remainder when k(-11) is divided by 4.
1
Let w = -38 + 59. Suppose -6*c - 345 = -w*c. Let t(g) = -g**3 + 4*g**2 + 4. Calculate the remainder when c is divided by t(3).
10
Suppose w = 422 - 419. Let o(r) = 19*r + 85. Calculate the remainder when o(w) is divided by 19.
9
Let b(f) = -506*f + 7652. What is the remainder when 2340 is divided by b(15)?
46
Let z(y) = 16*y**2 + 4*y - 3. Let m be z(1). Let j(c) = -8*c + 140. Calculate the remainder when 46 is divided by j(m).
2
Let v = -78 + 155. What is the remainder when v is divided by 3 + (-170)/17 + -4 + (26 - 3)?
5
Suppose 0*x = x - 306. Suppose -2198 = -43*q - x. What is the remainder when 215 is divided by q?
39
Suppose -279*u + 278*u + 235 = 0. Suppose 3*l - i = -2*l + 139, 2*l - 3*i = 66. Calculate the remainder when u is divided by l.
19
Suppose o - 4*j - 112 = 0, 0 = -5*o - 4*j + 230 + 234. Suppose -98*r + 5305 + 6868 = 231*r. Calculate the remainder when o is divided by r.
22
Let z(a) = 210*a - 1316. Suppose -3*p + 43 = -g, -p = 4*g + g + 7. Calculate the remainder when z(7) is divided by p.
11
Suppose 858 = 3*g + 3*q, -4*q - 3 = -q. What is the remainder when g is divided by (-175)/50*4/7*(3 - 7)?
7
Let a(p) = -p**3 + 31*p**2 + 12*p - 100. Let f be a(31). Let w = f - 259. What is the remainder when w is divided by 6?
1
What is the remainder when 21 is divided by ((-3612)/860)/(14/(-40))?
9
Let u be (-51)/6 - 57/38. Calculate the remainder when 109 is divided by -1 - u*(-5)/(-10).
1
Suppose -32*d + 18*d = -88 + 32. Calculate the remainder when 665 is divided by d.
1
Let s be (-2 + 102)*(-8 - (-133)/28). Let b = -302 - s. What is the remainder when b is divided by 17?
6
Suppose -2*y - 17*y = -5339. Let c = y - 252. Calculate the remainder when c is divided by 2.
1
Let d(b) = 6*b - 57. Let y be d(22). Let o = y - 70. Let v(p) = p**2 + 5*p - 38. What is the remainder when 22 is divided by v(o)?
10
Suppose 3198 - 15606 = -141*p. Calculate the remainder when p is divided by 4.
0
Suppose -110*x - 249 = -113*x. Let y = x + -214. Let q = -128 - y. Calculate the remainder when 17 is divided by q.
2
Let k be -2092*((-12)/16 + 1). Let y = 546 + k. Calculate the remainder when 113 is divided by y.
21
Suppose 4*k = 2*c, 2*k + 3*c + 2*c - 24 = 0. Suppose k*h = h. Suppose 28 + h = 2*z. Calculate the remainder when 67 is divided by z.
11
Suppose -i - 3*m + 1 = 0, 0*m - 5*m = 3*i + 1. Calculate the remainder when (-3808)/(-80) + i/(-5) is divided by 7.
6
Let f = -1909 + 1933. Calculate the remainder when 6407 is divided by f.
23
Let r be (0 + (-2 - -23) + 3)*1. Let p(c) = c**3 + 4*c**2 - 5*c - 14. Calculate the remainder when -7 + r - (-1 - 0) is divided by p(-4).
0
Let j = 2567 + 2291. What is the remainder when j is divided by 60?
58
Suppose 10*h - 13*h + 3*m + 423 = 0, 4*m - 669 = -5*h. Calculate the remainder when h is divided by 5.
2
Let j be 44/8 - (-1)/2. Let s = 23 - j. Let y = -65860 - -65866. Calculate the remainder when s is divided by y.
5
What is the remainder when 45/((-1350)/(-48)) - (-9097)/5 is divided by 121?
6
Let q = 26 + -424. What is the remainder when (6/(-3 + -3))/(2/q) is divided by 29?
25
Let j(m) = -7*m - 16. Let w = 49 + -56. Calculate the remainder when 120 is divided by j(w).
21
Let p be 50/(-2)*(-112)/(-280). Let z(c) = -c**2 - 23*c - 87. Calculate the remainder when 170 is divided by z(p).
41
Suppose 25*a = 3*a + 3784. What is the remainder when 659 is divided by a?
143
Let h = -4017 - -4024. Calculate the remainder when 230 is divided by h.
6
Suppose -3*q - 3913 = -4*l, -26*q = -l - 31*q + 1007. Calculate the remainder when l is divided by 346.
290
Let v = 17827 - 17818. Calculate the remainder when 991 is divided by v.
1
Let s(n) = -4*n**2 - 29*n + 240. What is the remainder when s(-10) is divided by 35?
25
Let g(w) = -w**2 + 15*w + 7. What is the remainder when 1328 is divided by g(0)?
5
Let m(i) = i**2 + 2*i + 6. Suppose 8*c + w + 48591 = 49440, -5*c = -3*w - 469. Calculate the remainder when c is divided by m(-6).
14
Let x(k) = -k**3 - 21*k**2 - 44*k + 16. Suppose 15*d = -7*d - 418. What is the remainder when x(d) is divided by (-6)/(-9) - (-93)/9?
9
Let f(r) = -71*r - 1857. What is the remainder when f(-28) is divided by 77?
54
Let i 